emainder when 4/(-18) + i/9 is divided by q?
7
Let r(i) = 32*i**2 + 4*i + 3. Calculate the remainder when r(-1) is divided by 8.
7
What is the remainder when 956/28 - (-2)/(-14) is divided by 12?
10
Suppose 5*q + 15 = 8*q. Suppose 394 = q*z + h, -4*z + 0*h = -h - 317. What is the remainder when z is divided by 27?
25
Let m(q) = q**3 - q**2 + q - 12. Let y(r) = -1. Let t(i) = -m(i) - 3*y(i). Let n be t(0). Suppose -a + 19 = -n. What is the remainder when a is divided by 18?
16
Let q = -29 + 23. Let l(p) = 2*p - 6. What is the remainder when (-42)/(-4) + 3/q is divided by l(6)?
4
Suppose 3*z = 3*i + 39, 0 = -i - 4*z + 1 - 4. Let n = i - -23. What is the remainder when 23 is divided by n?
11
Let l = -8 - -11. Suppose s + l*n = 20, -2*n - 2 = -12. Let j = -21 - -30. Calculate the remainder when j is divided by s.
4
Suppose -i + m + 11 + 15 = 0, i - 36 = -4*m. Let b = 10 + -18. Let d = 18 + b. Calculate the remainder when i is divided by d.
8
What is the remainder when 57 is divided by 17 - 0 - ((-40)/4 - -6)?
15
Let v(a) = -2*a + 2. Let j(q) = -q**3 - 18*q**2 - 2*q - 30. Calculate the remainder when v(-4) is divided by j(-18).
4
Let f = 16 + -11. Suppose 0 = -3*p + 1 + f. Suppose 0 = -3*q - j + 184 - 54, -q = -p*j - 55. Calculate the remainder when q is divided by 12.
9
Suppose -4*h = -458 + 146. Calculate the remainder when h is divided by 20.
18
Suppose 0*y + 31 = 3*y + l, -4*l - 80 = -5*y. Calculate the remainder when 47 is divided by y.
11
Let z(q) = q - 3. Let x be z(8). Calculate the remainder when 714/15 + (-3)/x is divided by 12.
11
Suppose 3*g - 2 = 4*g, -4*r = -4*g - 8. Suppose -2*o + 4 + 24 = r. Calculate the remainder when 53 is divided by o.
11
Suppose 0 = 7*f - 3*f - 80. Suppose y = -0*y + 59. Suppose -3*z + y = -2*z. Calculate the remainder when z is divided by f.
19
Let k be ((-12)/(-8))/(-1)*-2. Suppose 2*n - 56 = -3*j + 19, -k*j + n + 66 = 0. Calculate the remainder when j is divided by 6.
5
Suppose -r = -2*v - 1, -5*v - 5 = -2*r - 0. Let u = r - 4. What is the remainder when 2/9 - 115/u is divided by 7?
6
Let z(p) = -p**3 + 8*p**2 + 5*p + 2. Let m = 44 - 22. What is the remainder when z(8) is divided by m?
20
Suppose -1 - 7 = 4*z, -4*z - 260 = -4*t. Suppose -t = -2*r - r. Calculate the remainder when r is divided by 11.
10
Suppose 0 = 2*g + 3*g - 185. What is the remainder when g is divided by 13?
11
Suppose h = 2*h - 7. Suppose -r + 2*r - h = 0. Suppose -5*c + 12 = -8. What is the remainder when r is divided by c?
3
Let a = -12 - -20. Let n be (-303)/(-12) - 2/a. Calculate the remainder when n + 2/2 - 0 is divided by 7.
5
Let m(c) = c**2 + 4*c - 5. Let j be m(-6). Let o = 4 - j. Let i = 7 + o. What is the remainder when i is divided by 3?
1
Suppose -80 = w - 3*w. What is the remainder when w is divided by 26?
14
Suppose 2*s - 7*s - 40 = 0. Let w = s + 15. What is the remainder when 19 is divided by w?
5
Suppose -n - 2*n - 2 = 2*t, -3*n = 12. Suppose t*z + 26 = 3*i - 0*i, -4*z = -2*i + 18. Calculate the remainder when 19 is divided by i.
5
Suppose -22 = -5*u + 28. Calculate the remainder when (-5)/((-20)/88) - 3 is divided by u.
9
Suppose -4*m + 61 = -5*x - 48, -3*m - 5*x + 38 = 0. Calculate the remainder when 83 is divided by m.
20
Suppose 16 = -4*b, 2*w + 10 = 3*w - 2*b. Suppose -4 - 2 = -w*r. Suppose r*u - 7 = 2*u. Calculate the remainder when u is divided by 2.
1
Let f(p) = -p**3 + 19*p**2 - 19*p + 49. Calculate the remainder when 84 is divided by f(18).
22
Let t(d) = d**3 + 12*d**2 + 15*d - 10. What is the remainder when t(-9) is divided by 11?
10
Let m be 34*(-1)/2 - -2. Calculate the remainder when 6 is divided by 44/10 - (-6)/m.
2
Let p(w) = -w**2 + 4*w + 5. Let g be p(5). Calculate the remainder when 44 is divided by (g - 3) + 0 + 26.
21
Let w = 299 - 443. Suppose 2*x + 189 = -5*c, -309 = 2*x + x - c. Let q = x - w. What is the remainder when q is divided by 15?
12
Let f(z) = 3*z**2 - z - 3. Let o be f(4). Suppose -3*u + o = k, -8*u + 68 = -4*u + 4*k. What is the remainder when 35 is divided by u?
11
Suppose -5*m = -2*m - 2*t + 12, 4*m + 18 = 2*t. Let y(n) = -3*n - 9. Let w(q) = 9*q - 1. Calculate the remainder when w(2) is divided by y(m).
8
Suppose 5*b - l - 150 = -0*l, 25 = -5*l. Let q = 47 - b. Suppose -8*z + 212 = -4*z. Calculate the remainder when z is divided by q.
17
Calculate the remainder when ((-6)/(-9))/((-4)/(-1 + -203)) is divided by 5.
4
Let h = -25 + 29. What is the remainder when 14 is divided by h?
2
Let g(s) = -1 + 4*s**2 - 2 + 4. Suppose 2*i = -3*k - 14, 2*i = -4*k + i - 12. Calculate the remainder when g(k) is divided by 9.
8
Let d be (120 - -10)*2/(-5). Let t = -36 - d. What is the remainder when 29 is divided by t?
13
Suppose -q + 0*q = -9. Let s(o) = 16*o. Suppose 4 = -4*g + 8*g. What is the remainder when s(g) is divided by q?
7
Suppose -54 = -7*t + 4*t. Let m = t - -2. Calculate the remainder when 58 is divided by m.
18
Suppose 11*l + 150 = 16*l. What is the remainder when l is divided by 14?
2
Suppose 0 = 4*l - 4*w - 92, -w + 2*w - 55 = -2*l. Suppose -5*z + l = -39. Calculate the remainder when 37 is divided by z.
11
Let n = 35 - -14. What is the remainder when n is divided by 25?
24
Suppose 0 = 4*g - 4*f - 24, -4*g - 3*f + 5*f + 30 = 0. Let j be (7/(-21))/((-2)/12). Calculate the remainder when 255/10 + j/4 is divided by g.
8
Let t = -2 - -6. Calculate the remainder when 163/t - (-2)/8 is divided by 42/4*(-12)/(-9).
13
Suppose 6*u + 2*g = 2*u + 78, 3*u - 3*g - 63 = 0. What is the remainder when 56 is divided by u?
16
Let w(h) = -9*h + 1. Let q be w(1). Let v = -6 - q. Suppose 2*a - 10 = -0*a. Calculate the remainder when a is divided by v.
1
Let m(v) = -v**3 - 9*v**2 - 7*v + 10. Let d be m(-8). Suppose -d*z + 2 = -2. Let c = -7 + 10. Calculate the remainder when c is divided by z.
1
Let v(h) be the first derivative of h**3 - 4*h**2 + 4*h + 10. Calculate the remainder when 78 is divided by v(4).
18
Let w = -4 - -7. Suppose 0 = -w*h - 2 - 1. What is the remainder when ((32 - 1)*h)/(-1) is divided by 11?
9
Let j = -2 - -6. Suppose -j*r = -6*r + 52. Calculate the remainder when 103 is divided by r.
25
Suppose 5*l - 2*x - 18 = 0, l + l - 2*x = 6. Let t(q) = 2*q**2 - 2*q + 2. Calculate the remainder when t(l) is divided by 14.
12
Let o(b) = -9*b + 3 + 80*b - 2. Let p be o(1). Suppose -p = -2*u + 5*x, 4*u - 6*x + x = 124. Calculate the remainder when u is divided by 9.
8
Let s(b) = -b**2 - 5*b - 3. Let n be s(-3). Suppose 3*p - 33 = 5*l, 33 = n*p + 7*l - 3*l. Calculate the remainder when 41 is divided by p.
8
Let r = 52 - 43. Calculate the remainder when 13 is divided by r.
4
Suppose 2*k - 36 = -2. Calculate the remainder when 99 is divided by k.
14
Let v(u) = 9*u**2 - 3*u - 1. What is the remainder when v(3) is divided by 25?
21
Let n be (1 + 8)*1/3. What is the remainder when 1001/21 - 2/n is divided by 25?
22
Let h = 44 + -12. What is the remainder when 93 is divided by h?
29
Let g = 17 - -42. Suppose -c + 2*v + 5 + 10 = 0, 0 = -5*v. What is the remainder when g is divided by c?
14
Let j = -149 + 150. Let n be 0 + 2 - (-5)/5. Suppose -3*v = -b - 9, -2 = n*v - 14. What is the remainder when b is divided by j?
0
Let p(d) be the first derivative of -2*d**3/3 - d**2/2 + 2*d - 1. Let a(i) be the first derivative of p(i). What is the remainder when 4 is divided by a(-1)?
1
Suppose -8*l - 31 + 319 = 0. Calculate the remainder when 140 is divided by l.
32
Let y(c) = 6*c**2 + 3*c. Suppose -4*j + 6*j + 4 = 0. Let n be y(j). What is the remainder when 4/(-6)*(-459)/n is divided by 5?
2
What is the remainder when (-7)/(-42)*-3 - (-39)/6 is divided by (-3)/(-1 - (1 + -1))?
0
Let z = 17 - 12. Let f = z - -14. Calculate the remainder when 37 is divided by f.
18
Let v(m) = m**3 - 6*m**2 + 3*m + 2. Let k = 9 + -5. Suppose k*i - 130 - 106 = 0. What is the remainder when i is divided by v(6)?
19
Let y = 83 + -58. Calculate the remainder when y is divided by 18.
7
Suppose 0 = 3*y + 5*l - 8, 2*y - 5*l + 22 + 6 = 0. Let t be (y/6)/(3/18). Let w(u) = -u**3 - 4*u**2 - u - 1. What is the remainder when w(t) is divided by 3?
0
Let z(s) = s**3 + 7*s**2 - 3*s - 1. Let u be z(-7). Suppose 18 = 2*f + 5*x, f + 4*x = 7*x + u. Calculate the remainder when f is divided by 4.
2
Suppose -5*c + 3*c = 4*d - 56, -56 = -4*d + 5*c.